 + 8. Calculate the highest common divisor of i and l.
1
Suppose -4*d + 32 = 4*p, -4*d + 8 = -0*d - 4*p. Suppose 0 = -d*q + 891 - 156. Let i = q - 77. Calculate the greatest common factor of i and 28.
14
Let n be (-19)/((-19)/(-4)) - -17. Calculate the greatest common factor of 91 and n.
13
Let y = 8 + 64. Suppose -t + w = -2*w - y, -w = -2*t + 129. Suppose 2*b = -2*b + 168. Calculate the highest common divisor of b and t.
21
Let s be ((-3)/2)/(66/24 - 3). Suppose -67 = -4*p - 7. Suppose 30 + p = 3*c. Calculate the highest common factor of s and c.
3
Let x be (-9)/((12/39)/(-4)). Let i = 38 + -29. Calculate the greatest common divisor of x and i.
9
Let k = -1169 - -1194. Calculate the highest common divisor of 125 and k.
25
Suppose 3*o = -p + 30, 0 = 2*p - 7*p + 5*o + 190. Let s be 336/p*(-45)/(-6). What is the greatest common factor of s and 28?
14
Suppose 2*y + 0*y + 14 = 0. Let s(h) = -8*h - 6. Let r be s(y). Suppose -7*g = -2*g - r. What is the greatest common factor of g and 2?
2
Let o(l) = -2*l**3 - 6*l**2 + 21*l + 103. Let k be o(-4). What is the greatest common divisor of 408 and k?
51
Let q = -1633 - -1863. What is the greatest common factor of 322 and q?
46
Let m be (9 - 2) + 1 + 14. Calculate the greatest common factor of 55 and m.
11
Suppose -448 = -3*z - 268. What is the highest common factor of z and 48?
12
Let u be (147 + 30/6)/(1 - 0). Let c = u - -16. What is the highest common divisor of c and 21?
21
Let b(n) = n. Let a(w) = -w**2 + 12*w - 3. Let c(u) = a(u) - 5*b(u). Let g be c(4). Calculate the greatest common divisor of 1 and g.
1
Let v be (-2)/(-12) + 6167/42. Suppose -i = 2*i - v. Calculate the greatest common factor of i and 539.
49
Let m be 5 + (-5 - (1 - 4)). Let j(o) = o**2 + 4*o**2 - 5 - o**2 - m*o**2 + 4*o. Let h be j(-7). Calculate the highest common divisor of h and 24.
8
Let n = -2 + -4. Let m be ((-70)/n)/((-3)/(-9)). Let z be 16/20*35/2. What is the highest common factor of z and m?
7
Let w = -708 + 851. Calculate the greatest common factor of w and 65.
13
Let p = 96 - 158. Let i = -50 - p. What is the highest common divisor of 12 and i?
12
Let j = 7 - -8. Let w = -5 + j. Calculate the highest common factor of 2 and w.
2
Let k(a) = a - 8. Let m(h) = 1. Let d(l) = k(l) + 5*m(l). Let p be d(6). Suppose 2*t - 280 = -p*t. What is the highest common factor of 8 and t?
8
Let a = 353 - 213. What is the greatest common divisor of a and 20?
20
Let k(l) = -l**3 + 8*l**2 - 3*l + 6. Let q be k(6). Let a(x) = x**2 + 130*x + 2568. Let f be a(-106). Calculate the greatest common divisor of q and f.
12
Let m be -129*1/(-3) - -2. Let b = 20 - -10. Calculate the greatest common factor of b and m.
15
Let u(x) = 37*x**2 + 112*x + 535. Let s be u(-5). What is the highest common divisor of s and 50?
50
Suppose -17 - 263 = -8*p. Let o be (-185)/(-35) + 2/(-7). What is the greatest common divisor of o and p?
5
Let m be ((-2)/(-6))/((-114)/(-1368)). Calculate the greatest common divisor of m and 1456.
4
Let k(b) = 2*b**2 + 14*b + 16. Let j be k(-6). Suppose j*u = -5*q + u + 434, 362 = 4*q - 5*u. Calculate the greatest common divisor of q and 33.
11
Suppose 0 = 8*a - 0*a - 128. What is the greatest common factor of a and 104?
8
Suppose -25*l - 115 = -48*l. Suppose 0*p - 3*p + 255 = 0. Suppose 0*t = 3*b + 2*t - p, -2*t - 40 = -2*b. What is the highest common factor of l and b?
5
Let i = 1172 + -983. Calculate the greatest common factor of 168 and i.
21
Suppose 5*w = 10 - 55. Let q = 16 - w. Calculate the greatest common factor of q and 175.
25
Let u be 24/(-18)*(-6)/4. Let o be (u + -2)*5/(-15). Suppose o = 4*d - 40 - 0. Calculate the highest common divisor of 40 and d.
10
Let w be 5/(-10) + 123/6. Calculate the greatest common divisor of w and 210.
10
Suppose 4*b = 2*s - 628, 5*b + 21 - 16 = 0. What is the highest common factor of s and 4?
4
Let v be (-122)/(-14) - (-4)/14. Let y = v + -4. Suppose 2*u + 24 = z - u, y*u + 56 = 3*z. Calculate the greatest common factor of z and 6.
6
Suppose -13 = -l + 9. Let g(u) = u + 10. Let n be g(-6). Suppose -n*m + l = -122. What is the highest common factor of m and 24?
12
Let l be (-3)/(-4) - 324/(-16). What is the highest common factor of l and 525?
21
Let o be (2/6)/(1/39). Let b(u) be the second derivative of 7*u**3/3 + 3*u**2/2 + 13*u. Let t be b(10). Calculate the greatest common divisor of t and o.
13
Suppose -51*d = -20392 - 9341. Calculate the greatest common divisor of d and 53.
53
Suppose -f = -0*f - 20. Let u = -1490 + 1500. What is the greatest common divisor of u and f?
10
Let z = 329 + -208. Suppose 5*y + 5*i = 10, -12 - 5 = -y + 4*i. Suppose -4*r - 11 = -y*r. What is the greatest common divisor of z and r?
11
Let f be (-5)/(-15)*51/1. Suppose -a - 5*r + f = a, 0 = 2*a + r - 29. What is the highest common factor of 144 and a?
16
Let i be ((-3 - -11) + -4)/2. Suppose m - 4 = 0, 3*m - 144 = -6*j + i*j. What is the greatest common divisor of j and 165?
33
Let m = 19 + -17. Suppose -v = h - 11, 0*v = -m*v + 4*h + 40. What is the greatest common divisor of 84 and v?
14
Let a = 479 + -452. Suppose -6*t = -t - 270. What is the greatest common divisor of t and a?
27
Let r = 106 + -91. Calculate the greatest common divisor of r and 35.
5
Let c(m) = -m**2 - 33*m + 43. Let r be c(-34). Suppose 3*i - 168 = -r*i. Let g be (-1*1 + 0)*-2. Calculate the greatest common factor of g and i.
2
Suppose 22*k + 105 = 25*k. What is the highest common factor of 5 and k?
5
Suppose -5 = -5*c + 15, 0 = -3*q + c + 209. Suppose 5*h = -k - 4*k + 95, -3*h - q = -5*k. Let y = -15 - -23. Calculate the highest common divisor of k and y.
8
Suppose u - 219 = -2*m, 0 = -3*m - 7*u + 4*u + 327. Calculate the highest common divisor of 44 and m.
22
Let f be ((-18)/(-54))/((-1)/(-108)). Let x(l) = -l + 0 - 2*l + 1. Let q be x(-1). Calculate the greatest common divisor of f and q.
4
Let n be (28 - 2) + (4 - 2). Let i be (-1 - 4/(-2)) + n. Let o be 2/3 - (-10319)/51. Calculate the greatest common factor of o and i.
29
Suppose v - 10 - 14 = 0. Let r be v/(-9)*81/(-6). Suppose 5*q = -0*q + 10, 0 = -w - 5*q + 19. Calculate the highest common divisor of w and r.
9
Suppose -h - 69 = 3*a + 247, a + 104 = h. Let i = -103 - a. What is the greatest common divisor of 2 and i?
2
Let n = -162 + 174. What is the greatest common divisor of 444 and n?
12
Let u = 8 - 4. Suppose -u*x - 5 = -5*x. Suppose -188 = -3*o - 4*s, x*o = 5*s - 3*s + 296. What is the highest common divisor of o and 24?
12
Suppose 51*z = 45*z + 84. Calculate the highest common divisor of 266 and z.
14
Let h(o) = 3*o**2 + 2*o. Suppose -6 = -0*u - u. Let g be h(u). Let w(t) = -4*t - 8. Let s be w(-5). What is the greatest common factor of s and g?
12
Let n be (3 - 1) + 32 + 2. What is the greatest common divisor of n and 336?
12
Suppose 17*l + 60 = 18*l. Calculate the greatest common factor of 220 and l.
20
Let h(v) = -v**2 + 4*v + 6. Let n be h(4). Suppose 7*a + n = 125. Calculate the highest common divisor of a and 119.
17
Suppose 0*y - 5*y + 50 = 3*b, 0 = 3*y - 2*b - 30. Suppose 0 = 5*d + 47 - 2. Let v be 3*(-1)/(d/150). What is the greatest common divisor of y and v?
10
Let v = 23 + -18. Suppose -3*k - 3*q = -q - 17, -v*q + 14 = -2*k. What is the highest common factor of k and 1?
1
Suppose 56*r = 42*r + 4620. Calculate the greatest common factor of 20 and r.
10
Suppose 0 = 3*w - 4*h + 68, -2*w + 5*h - 42 = 4*h. Let m be (3/(-24)*-12)/((-3)/w). Calculate the highest common divisor of m and 130.
10
Suppose -q - 6 = -4*q. Let r be q - (-1822)/22 - (-40)/220. Calculate the highest common factor of r and 34.
17
Let k(d) = -d**3 - 4*d**2 + 3*d - 2. Let f be k(-4). Let b(z) = -z**2 - 16*z - 19. Let a be b(f). Calculate the greatest common divisor of 1 and a.
1
Let d be ((63/4)/(-7))/((-72)/2688). What is the greatest common factor of d and 147?
21
Let l(m) = m**2 - 11*m + 18. Let t be 25/2 + 1/(-2). Let r be l(t). Let f = 34 + -14. What is the greatest common divisor of f and r?
10
Suppose -2*h + 11 = -47. Suppose -26*c = -h*c. Suppose 7*t = 2*t - 10, c = -4*r + 4*t + 104. Calculate the greatest common divisor of 36 and r.
12
Let p(w) = -55*w + 46. Let f be p(-11). Calculate the highest common factor of f and 21.
21
Let s(h) = 42*h**2 - 3*h + 33. Let x be s(5). What is the